2480*k - 16015. What is j(-200)?
-15
Let d(l) = -7*l**3 + 415*l**2 - 104*l + 11. What is d(59)?
837
Let i(q) = q**2 + 29*q + 246. What is i(15)?
906
Let q(u) = -u**2 + 1799*u - 425. Give q(0).
-425
Let w(t) = 12*t**2 - 896*t - 8170. Determine w(-8).
-234
Let w(l) = 27*l + 1029. Give w(-26).
327
Let x(h) = 8*h**2 - 58*h - 662. Calculate x(-7).
136
Let a(x) = 382*x - 6271. What is a(13)?
-1305
Let y(r) = -14917*r + 31108. Calculate y(2).
1274
Let p(r) = 296*r - 62484. Give p(211).
-28
Let f(x) = x**3 + 90*x**2 - 2318*x + 1335. Determine f(-111).
-108
Let a(g) = -53887*g - 51192647. Give a(-950).
3
Let w(d) = 113906*d - 1139060. Calculate w(10).
0
Let o(w) = 557*w - 12983. Calculate o(27).
2056
Let x(z) = -2*z**3 - 149*z**2 + 4174*z + 307452. Give x(-75).
27
Let f(c) = -10*c + 931. Determine f(-8).
1011
Let z(n) = n**2 + 374*n - 5828. Give z(15).
7
Let w(r) = 233*r**3 - 17242*r**2 - 125. Calculate w(74).
-125
Let z(o) = 5*o**2 - 41*o - 1690. Calculate z(-15).
50
Let c(f) = 3841*f + 111285. Give c(-29).
-104
Let z(s) = -s**2 + 263*s - 6817. What is z(36)?
1355
Let x(u) = -12*u**3 - 51*u**2 - 274*u - 222. Determine x(-1).
13
Let k(c) = -4*c**2 + 376*c - 246. What is k(94)?
-246
Let u(n) = 30*n**2 - 146*n - 8. Determine u(5).
12
Let j(m) = -404*m**2 - 1232*m - 18. What is j(-3)?
42
Let n(w) = 14575*w - 2317423. Give n(159).
2
Let c(j) = 243*j**2 + 2450*j - 124. Determine c(-10).
-324
Let a(v) = -v**3 - 88*v**2 + 1434*v + 596. Calculate a(-102).
-16
Let i(m) = 57*m**2 - 63*m - 1. Give i(2).
101
Let s(i) = 2*i**3 - 49*i**2 - 556*i + 14358. Determine s(23).
-17
Let i(h) = -4*h**3 + 376*h**2 - 125*h + 11734. What is i(94)?
-16
Let i(o) = -o**3 - 223*o**2 - 445*o - 207. What is i(-221)?
456
Let o(m) = -28*m + 1585. Calculate o(22).
969
Let p(h) = -h**3 - 18*h**2 + 1744*h + 27866. Calculate p(-16).
-550
Let s(m) = 718*m - 330. Determine s(2).
1106
Let z(n) = 25*n**2 - 4601*n + 4756. Calculate z(183).
-2
Let w(a) = -a**3 + 1613*a**2 - 73595*a - 315. What is w(47)?
14
Let d(v) = 2399*v - 307141. Calculate d(128).
-69
Let z(f) = -621*f**2 - 8609*f + 1190. Determine z(-14).
0
Let v(k) = 54*k**2 - 260*k + 208. Determine v(3).
-86
Let v(f) = 6006*f**2 - 276270*f - 278. Give v(46).
-2
Let g(t) = 8517*t - 25648. What is g(3)?
-97
Let v(x) = 8*x**2 + 5882*x + 170602. Calculate v(-705).
-8
Let j(f) = -200*f - 18746. Calculate j(-87).
-1346
Let o(q) = -66610*q**2 - 5*q + 10. What is o(0)?
10
Let m(u) = 3538*u + 399797. What is m(-113)?
3
Let f(s) = 33*s**2 - 467*s - 80. Determine f(15).
340
Let y(x) = 1386414*x - 9704892. Give y(7).
6
Let x(c) = c**2 + 5725*c + 22862. Determine x(-4).
-22
Let z(d) = -2*d - 247. Give z(-84).
-79
Let a(t) = -599*t - 16734. Determine a(-28).
38
Let x(t) = 3*t**2 + 34*t + 1088. What is x(-33)?
3233
Let a(c) = -6*c**2 - 2390*c - 11465. Calculate a(-394).
-1221
Let j(o) = -5374*o - 37176. Determine j(-7).
442
Let f(b) = -77*b + 4542. What is f(59)?
-1
Let t(o) = -633584*o + 1267169. Give t(2).
1
Let w(s) = -15*s**2 - 1436*s - 175. Determine w(-95).
870
Let w(l) = -1140*l + 19248. Determine w(18).
-1272
Let p(v) = -v**2 + 20877*v - 104436. Calculate p(5).
-76
Let r(n) = -14*n**2 + 8528*n + 8555. What is r(-1)?
13
Let j(g) = 4844*g + 29165. Determine j(-6).
101
Let c(z) = 1731*z + 10933. What is c(-5)?
2278
Let t(m) = -m**2 - 72*m - 1012. Calculate t(-35).
283
Let u(y) = -y**3 + 24*y**2 + 1165*y - 5. Give u(-24).
-317
Let p(j) = -3758*j - 130702. Determine p(-36).
4586
Let d(t) = -248*t**3 - 127972*t**2 - 2061*t + 1546. Calculate d(-516).
-2
Let h(a) = -a**3 + 599*a**2 + 10*a - 34. What is h(0)?
-34
Let g(x) = -29*x**2 + 1027*x + 55. Give g(35).
475
Let l(n) = 48*n**2 - 23*n + 56. Calculate l(2).
202
Let i(m) = -27546*m - 2313874. What is i(-84)?
-10
Let l(z) = -165996*z + 3817904. What is l(23)?
-4
Let r(l) = 5834*l + 380. Give r(0).
380
Let f(j) = 59*j**3 + 686*j**2 - 268*j - 40. Give f(-12).
8
Let c(j) = -805*j**2 + 28972*j + 303. Determine c(36).
15
Let r(t) = 121098*t - 242194. What is r(2)?
2
Let f(w) = 4439*w**2 + 35499*w - 103. Give f(-8).
1
Let l(k) = -20*k**3 - 16081*k**2 - 789*k + 12067. Give l(-804).
7
Let p(g) = 33978*g - 6625702. Give p(195).
8
Let r(u) = 2523*u + 5862. Calculate r(-2).
816
Let n(d) = 10*d**3 + 574*d**2 + 292*d + 175. Determine n(-57).
-3473
Let i(u) = -3*u**2 - 95*u - 441. Calculate i(-28).
-133
Let a(p) = 3*p**3 + 254*p**2 + 149*p + 238. Give a(-84).
1834
Let u(a) = 1355*a**2 + 8125*a - 12. Calculate u(-6).
18
Let l(m) = 2*m**3 + 339*m**2 - 8854*m - 18. Give l(23).
5
Let g(a) = -46*a**2 - 405*a - 2411. Determine g(-6).
-1637
Let h(n) = 6*n**2 - 11*n + 61. Determine h(9).
448
Let s(j) = 168533*j - 505595. Give s(3).
4
Let h(n) = -n**3 + 30*n**2 + 155*n - 768. Calculate h(34).
-122
Let n(o) = -o**3 + 32*o**2 + 110*o - 225. Calculate n(35).
-50
Let z(x) = 17834*x - 124821. Calculate z(7).
17
Let n(z) = -10*z**2 + 18*z - 131. Determine n(7).
-495
Let h(o) = 819*o - 12363. Determine h(8).
-5811
Let z(n) = -2295*n**2 + 11478*n - 4. Determine z(5).
11
Let q(x) = -x**3 - 41*x**2 - 26*x + 30. What is q(0)?
30
Let j(l) = 2*l**2 - 553*l - 11861. Give j(-20).
-1
Let n(j) = -19*j**3 + 23*j**2 - 202*j + 397. Calculate n(2).
-67
Let g(v) = -v**3 - 710*v**2 - 1482*v - 46728. Determine g(-708).
0
Let w(o) = -29*o**3 - 39525*o**2 + 2747*o + 28629. Give w(-1363).
6
Let q(s) = 4*s**2 - 22282*s - 2129854. What is q(-94)?
-2
Let t(x) = -1743*x + 144655. Determine t(83).
-14
Let i(w) = -429*w + 30017. Calculate i(70).
-13
Let w(n) = -125*n + 2010. Determine w(31).
-1865
Let s(q) = -36446*q + 75406775. What is s(2069)?
1
Let g(a) = -2*a**3 - 614*a**2 + 233*a + 71525. Determine g(-307).
-6
Let n(s) = -s**3 + 15*s**2 + 1409*s - 29080. Calculate n(29).
7
Let h(x) = 17*x**3 - 3*x**2 - 58*x - 78. What is h(-2)?
-110
Let o(s) = -1074*s**2 - 7531*s - 97. Calculate o(-7).
-6
Let x(m) = -m**3 + 6*m**2 - 1858*m + 5588. Determine x(3).
41
Let j(l) = -2*l**3 - 21*l**2 + 365*l + 1566. What is j(-18)?
-144
Let x(r) = 914*r + 12930. Give x(-14).
134
Let q(j) = -2*j**3 + 3*j**2 - 8*j + 390. Give q(0).
390
Let d(w) = -1796*w + 10792. What is d(7)?
-1780
Let h(y) = -1487*y + 4496. Determine h(3).
35
Let r(n) = -2*n**3 - n**2 - 3*n + 101. Determine r(0).
101
Let r(m) = 15*m**3 - 201*m**2 - 17*m + 31. What is r(13)?
-1204
Let v(n) = 2*n**3 + 350*n**2 - 35*n - 5515. What is v(-175)?
610
Let l(v) = v**2 + 2*v - 512. Give l(27).
271
Let w(x) = 9*x**2 - 35*x - 10370. Give w(-32).
-34
Let s(c) = 19709*c + 473022. Determine s(-24).
6
Let r(v) = 69606*v + 348053. Calculate r(-5).
23
Let j(u) = 2*u**3 + 2*u**2 - 32420*u + 64835. Calculate j(2).
19
Let t(d) = -1929*d - 1955. Determine t(-1).
-26
Let g(d) = -16946*d + 5676912. Calculate g(335).
2
Let y(x) = x**3 + 38*x**2 + 283*x + 763. Calculate y(-30).
-527
Let d(a) = a**3 - 125*a**2 + 123*a + 109. Calculate d(124).
-15
Let x(r) = -29191*r - 29200. Determine x(-1).
-9
Let p(s) = -2*s**3 + 15*s**2 + 722*s - 5111. Give p(7).
-8
Let j(n) = n**3 + 21*n**2 - 49*n - 384. Calculate j(-20).
996
Let o(b) = -897*b - 65475. Give o(-73).
6
Let b(i) = 298*i**2 - 2992*i + 11. Give b(9).
-2779
Let z(k) = -3*k**2 + 1381*k + 36478. Calculate z(-25).
78
Let v(u) = -36*u**2 + 246*u - 346. What is v(4)?
62
Let y(t) = 7*t**2 - 342*t + 3. Determine y(47).
-608
Let h(g) = g**3 + 90*g**2 + 1970*g - 2513. Give h(-46).
-29
Let o(z) = -9854*z - 9668. Give o(-1).
186
Let u(g) = 186*g + 2241. Calculate u(-18).
-1107
Let t(r) = 2*r**3 - 312*r**2 - 310*r - 659. Give t(157).
-31
Let w(g) = g**2 - 598*g - 22824. Determine w(-36).
0
Let b(n) = -1723*n - 1051041. Give b(-610).
-11
Let h(t) = -138*t + 5389. Give h(39).
7
Let v(c) = c**2 - 339*c + 5762. Give v(321).
-16
Let j(v) = -v**3 - 6*v**2 + 197*v + 1522. Calculate j(-9).
-8
Let n(g) = -g**2 - 18*g - 160. Calculate n(22).
-1040
Let q(d) = 69*d**3 - 123373*d**2 + 1844*d - 100132. What is q(1788)?
-4
Let y(k) = -35959*k - 647231. Give y(-18).
31
Let m(r) = -19302*r - 154442. What is m(-8)?
-26
Let c(n) = -54*n**3 + n**2 - n - 6. Determine c(1).
-60
Let a(o) = -11483*o - 10689. Determine a(-1).
794
Let c(n) = 644399*n + 42530331. What is c(-66)?
-3
Let i(k) = 865*k + 34932. Give i(-39).
1197
Let t(m) = m**2 + 2684*m - 657692. Determine t(226).
-32
Let o(x) = -16*x**2 - 29*x + 71. Calcula